3
Suppose 0*w - 72 = -w + 4*i, w = -5*i + 45. What is the units digit of w?
0
Let x(j) = -7*j**2 + 2*j + 3. Let u = 2 - -1. Let i be x(u). What is the units digit of i/(-8) + 2/8?
7
Suppose 8*l = 230 + 306. What is the units digit of l?
7
Suppose 156 = 4*p - 4*f, -2*f - 15 = f. What is the tens digit of p?
3
Let b(k) = 203*k - 4. What is the units digit of b(1)?
9
What is the units digit of 0/(-4) + 3 + 25?
8
Suppose -4*b + 5*a = -12, 3*a + 0*a = -4*b + 12. Suppose -25 = -2*y - 3*y. Suppose y*v - m + 6*m = -20, m + b = -2*v. What is the units digit of v?
1
What is the units digit of ((-2)/4)/(4/(-1752))?
9
Let v(d) = -2*d - 8. What is the units digit of v(-14)?
0
Suppose -2*s - 1 = -7. Suppose -15 = -s*j - 5*a, a = 2*j + j - 33. What is the tens digit of j?
1
Let u = -129 + 84. What is the units digit of 1/(1 - (-42)/u)?
5
Let j be (-60)/16 + (-6)/(-8). Let q be 2 - 21/(-9)*j. Let i(m) = m**3 + 4*m**2 - 5*m + 6. What is the units digit of i(q)?
6
Suppose -p + 7*o - 2*o - 27 = 0, 5 = o. Let d be (-1 + p)*64/(-6). Suppose 3*j + d = 7*j. What is the units digit of j?
8
Let o be 4/(-14) - (-288)/(-21). Let a(c) = -6*c**2. Let z be a(-1). Let j = z - o. What is the units digit of j?
8
Let q = -23 - -52. What is the units digit of -2 + 0 + q - 3?
4
Let a(y) = y - 7. Let p(j) = 3*j - 12. Let g be p(8). What is the units digit of a(g)?
5
Suppose 2*k = k + 319. What is the tens digit of k?
1
Let p(j) = j**3 + 10*j**2 + 9*j + 2. Let f be p(-9). Suppose f*a = a + 4*r + 20, 4 = -2*r. What is the units digit of a?
2
Suppose 2*l = -5*b - 20 + 2, 0 = b + 5*l + 22. What is the units digit of b/6*-3 + 7?
8
Let w(c) = c**2 + 9*c + 6. Let l be w(-8). Let g be (-2 - 4/l) + -7. Let f(k) = k**2 + 5*k - 7. What is the units digit of f(g)?
7
Let h = -21 - -76. What is the units digit of h?
5
Let u(q) = q**2 - 6*q - 9. Suppose -2*h = -4*s - 26, 0*h + s + 38 = 4*h. What is the units digit of u(h)?
8
Suppose -5*f = d - 13, 2*f - 3*d = -d + 10. Suppose 104 = n + f*n. What is the tens digit of n?
2
Let b be -2 + 3 + (3 - 2). Let z = b - 0. Suppose q + q = z. What is the units digit of q?
1
Suppose 0*g - 4*g + 460 = 0. What is the units digit of g?
5
Let u be 1*4/(-8)*-6. Suppose 3*w = u + 3. What is the units digit of w?
2
Suppose -527 = -b - 2*b - 5*d, -4*d + 16 = 0. What is the tens digit of b?
6
Suppose v - c = 2*v - 98, -5*v - 4*c = -486. What is the tens digit of v?
9
Let c = -17 + 54. Suppose 0 = -t + 2*h + 32, -t + 4*h - 15 = -c. What is the tens digit of t?
4
Let n be ((-8)/6)/((-2)/3). Suppose 5*y - 4*y + 8 = 4*l, -23 = -5*l - 2*y. Suppose 0 = 4*d + 4*k - 4, 0*k - 2 = -n*d + l*k. What is the units digit of d?
1
Let z be (-8)/10*120/(-16). Suppose -y + z*y = 70. What is the units digit of y?
4
Suppose 7 + 5 = 3*d. Let w(t) = t**3 - 4*t**2 + 2*t - 6. What is the units digit of w(d)?
2
Let b be 2 + -1 - (7 - 3). Let x = 11 + b. What is the units digit of x?
8
Let z(i) = 13*i - 2. What is the hundreds digit of z(9)?
1
Let w(c) = 2*c + 7. Let i be w(-6). Let p = 17 + -11. Let r = p - i. What is the units digit of r?
1
Suppose -s + 82 = -2*j, -4*j + 226 = -s + 4*s. What is the units digit of s?
8
Let r(w) = -w**3 - 3*w + 8. What is the units digit of r(-5)?
8
Let h(l) = -l**2 + 4*l + 3. Suppose -4*f + 19 = m, -2*f + m + 1 = -4. What is the units digit of h(f)?
3
Let q(x) be the third derivative of x**5/60 + x**4/6 - 4*x**2. Let i be q(-3). What is the units digit of 1 + 2*i/(-2)?
4
Let w(y) = -11*y + 2. Let d be w(-3). What is the units digit of -4 + 2 + d + 3?
6
Suppose 18 = 4*g + w - 0, -3*g + 13 = w. Suppose n = -2*n - 3*q, g*n = -4*q. Suppose -4*j + 5*p = -12, 0 = 5*j - 2*p - n*p - 32. What is the units digit of j?
8
Suppose 2*y = -4*r + 438, 283 = 3*y + r - 379. What is the hundreds digit of y?
2
Suppose 24 = 3*q - 2*c + 3*c, 0 = 5*q + 4*c - 47. Let u = q - -2. What is the units digit of u?
9
Let w(q) = q**3 + 12*q**2 + 10*q - 10. Let h = 17 + -28. What is the units digit of w(h)?
1
Suppose z = -2*z - 96. Let g = z - -17. What is the units digit of (12/g)/(6/(-15))?
2
Suppose i - 1 - 4 = 0. Suppose 5*z + 4*f - 9 = 23, -36 = -i*z - 2*f. What is the units digit of z?
8
Let v(z) = -z**3 + 13*z**2 - 12*z + 17. What is the tens digit of v(12)?
1
Let s(c) = -c**3 + 6*c**2 - 4*c + 1. Suppose -5*i + 33 = -0*i + 4*n, -5*i - 2*n + 29 = 0. Let l be s(i). Suppose -4 = -2*z + l. What is the units digit of z?
5
Suppose -4*c = r - 30, 7*c = -r + 2*c + 33. Let q = 4 + r. What is the tens digit of q?
2
Let o(m) be the first derivative of 9*m**2/2 - 3*m + 2. Let y be o(3). Suppose 4*z + 2*u - 30 = 0, 3*z - z + 4*u - y = 0. What is the units digit of z?
6
Let o(r) = -r**3 - 17*r**2 - 4*r + 7. What is the units digit of o(-17)?
5
Suppose -5*h - 2 = -202. What is the tens digit of h?
4
Suppose 15 = -5*s, 5*i = 2*i - 4*s + 24. Let n = i + -4. What is the units digit of n?
8
What is the units digit of (-6)/21 - 3101/(-49)?
3
What is the units digit of (3 - 4) + 1 + 23?
3
Let k(q) = q**3 - 2*q - 1. Let s be k(-1). Let v(g) = g. Let w be v(4). Suppose -3*i - o = 2*o - 6, s = 4*o + w. What is the units digit of i?
3
Suppose 0 = -4*i - 16, i = -t + 225. What is the units digit of t?
9
What is the tens digit of 2*2/(-2) + 15?
1
Suppose -3*j - j = 72. Let z = -8 - j. What is the units digit of z?
0
Suppose 4*x = -g + 143, g - 17 - 21 = -x. Suppose -5*l = 2*y - 4*l - x, 40 = 2*y + 2*l. Suppose q + 65 = -o + 5*o, 0 = -5*q + y. What is the tens digit of o?
1
Let a(j) = -j**3 + 8*j**2 - 6*j + 1. What is the tens digit of a(5)?
4
Suppose 8*b - 2*b = 0. Suppose -3*k - 5 = -4*k. Suppose 0*i + k*i - 40 = b. What is the units digit of i?
8
Let u = -4 + -2. Let s = u + -8. What is the units digit of ((-16)/28)/(4/s)?
2
Let z(a) = a - 4. Let k be z(8). Let o(p) = -p**3 + 4*p**2 + 3*p - 6. What is the units digit of o(k)?
6
What is the units digit of 2/((24/51)/4)?
7
What is the units digit of 25*(-1)/1*-10?
0
Suppose 0 = -2*h + n - 13, 0 = h - 2*h + 4*n + 4. Let a(y) = 10*y**2 - y. Let j be a(-1). Let d = j + h. What is the units digit of d?
3
Let j(z) = -z**3 - z - 1. Let x(v) = -3*v**3 - 7*v**2 - 6*v - 1. Let d(w) = 2*j(w) - x(w). What is the units digit of d(-6)?
1
Let c(w) = -12*w + 14. Let m(y) = -6*y + 7. Let i(s) = 2*c(s) - 5*m(s). What is the units digit of i(5)?
3
Let n(p) = p - 18. Let l be n(10). Suppose -z - 2*z + 5*r + 64 = 0, 3*r = -z - 2. Let k = l + z. What is the units digit of k?
5
Let q(k) = 0*k - 5*k - 6 + k + 0*k. What is the tens digit of q(-8)?
2
Let p(c) = 19*c**2 - c - 1. Let l(d) = -d**3 - 7*d**2 + 8*d - 1. Let v be l(-8). Let w be p(v). Suppose 3 = -j + w. What is the units digit of j?
6
Suppose 2*k + 6 = -0*k, -3*t = 2*k - 183. What is the tens digit of t?
6
Suppose 4*t + 2*z + 2 = 0, 4*t = 2*z + 7 + 3. Let n be (-1 - (-2 - -2))*-5. Let b = n - t. What is the units digit of b?
4
Suppose 2*o = -f + 5, -f + 3*f = 5*o - 8. Let q be o/7 + (-38)/(-14). Suppose -q*g + 9 = 3. What is the units digit of g?
2
Suppose 75 = -0*p + 3*p. What is the units digit of p?
5
Let u be (-2)/10 + (-122)/(-10). Let m = -7 + u. Suppose 4*r - m = -2*q - 3, 5*r = -2*q. What is the units digit of q?
5
Let o be -2*1/(2/(-3)). Suppose 0*m + 5*m - 2*z = 129, -m - 2*z + 33 = 0. Suppose 3*b - 4*r - m - 10 = 0, -3*b + o*r = -36. What is the units digit of b?
1
Suppose -d + 4*y + 25 = 0, 5*d - 3*y + 4*y = 41. Let l(a) = -a - 9. Let c be l(-6). Let n = d + c. What is the units digit of n?
6
Suppose 2*w - 791 = 4*t - 201, 0 = w + t - 301. What is the hundreds digit of w?
2
Suppose 803 = 2*b + x, 0*x - 4*x - 2040 = -5*b. What is the units digit of b?
4
Let q = -44 - -72. What is the units digit of q?
8
Let m = -2 + 4. Suppose 0*j = h + 3*j - 12, 0 = m*h + 2*j - 44. What is the tens digit of h?
2
Let m(k) = 3*k + 3. Let r(w) = 2*w + 1. Let x(n) = 3*m(n) - 5*r(n). What is the units digit of x(-6)?
0
Suppose -j + 14 = 2*j - 5*h, 5*h + 27 = 4*j. What is the units digit of j?
3
Let j(r) = 2*r - 9. What is the units digit of j(8)?
7
Suppose z = -0 + 4. Let c = 0 - z. What is the units digit of 69/9 - c/(-6)?
7
Let x(o) = -34*o - 2. What is the tens digit of x(-1)?
3
Suppose -5*o + 9 = -2*o. What is the units digit of o?
3
Suppose 0 = 7*d - 3*d - 192. Suppose 4*u - d = -2*a, -u + 4 = -0*u. What is the units digit 